{"id":10477,"date":"2024-03-28T23:34:10","date_gmt":"2024-03-29T05:34:10","guid":{"rendered":"https:\/\/brazucan.com\/index.php\/product\/bvlfook-metal-sea-turtle-seahorse-crab-beach-themed-bathroom-wall-art-decor-ocean-themed-wall-decorations-for-home-bathroom10-inch-set-of-3\/"},"modified":"2024-03-28T23:34:10","modified_gmt":"2024-03-29T05:34:10","slug":"bvlfook-metal-sea-turtle-seahorse-crab-beach-themed-bathroom-wall-art-decor-ocean-themed-wall-decorations-for-home-bathroom10-inch-set-of-3","status":"publish","type":"product","link":"http:\/\/brazucan.com\/index.php\/product\/bvlfook-metal-sea-turtle-seahorse-crab-beach-themed-bathroom-wall-art-decor-ocean-themed-wall-decorations-for-home-bathroom10-inch-set-of-3\/","title":{"rendered":"BVLFOOK Metal Sea Turtle Seahorse Crab Beach Themed Bathroom Wall Art Decor, Ocean Themed Wall Decorations for Home Bathroom,10 Inch, Set of 3"},"content":{"rendered":"<p><br \/>\nPrice: <span style=\"color:#b12704\">$30.99<\/span><br \/><i><small>(as of Mar 29, 2024 05:34:11 UTC &#8211; <span class=\"wp_automatic_amazon_disclaimer\" title=\"Product prices and availability are accurate as of the date\/time indicated and are subject to change. Any price and availability information displayed on [relevant Amazon Site(s), as applicable] at the time of purchase will apply to the purchase of this product.\">Details<\/span>)<\/small><\/i><\/p>\n<p><a href=\"https:\/\/www.amazon.ca\/gp\/aws\/cart\/add.html?AssociateTag=brazucan-20&#038;ASIN.1=B099N54T5H&#038;Quantity.1=1&#038;SubscriptionId=\"><img decoding=\"async\" src=\"https:\/\/valvepress.s3.amazonaws.com\/imgs\/buy_now.png\"><\/a><br \/>\n<\/p>\n<p>         Product Description                                     <\/p>\n<p>                                                                    <img decoding=\"async\" alt=\"sea wall decor\" src=\"https:\/\/images-na.ssl-images-amazon.com\/images\/G\/01\/x-locale\/common\/grey-pixel.gif\" class=\"a-spacing-base a-lazy-loaded\" data-src=\"https:\/\/m.media-amazon.com\/images\/S\/aplus-media-library-service-media\/55e10c15-3868-444b-b79c-e847bf9e72fb.__CR0,0,970,600_PT0_SX970_V1___.jpg\"><img decoding=\"async\" alt=\"sea wall decor\" src=\"https:\/\/m.media-amazon.com\/images\/S\/aplus-media-library-service-media\/55e10c15-3868-444b-b79c-e847bf9e72fb.__CR0,0,970,600_PT0_SX970_V1___.jpg\">                                                                    <\/p>\n<p>                                              <img decoding=\"async\" alt=\"sea theme wall decor\" src=\"https:\/\/images-na.ssl-images-amazon.com\/images\/G\/01\/x-locale\/common\/grey-pixel.gif\" class=\"a-spacing-mini a-lazy-loaded\" data-src=\"https:\/\/m.media-amazon.com\/images\/S\/aplus-media-library-service-media\/511b45a8-b074-4ab3-8c02-3d2640ea7107.__CR0,0,300,400_PT0_SX300_V1___.jpg\"><img decoding=\"async\" alt=\"sea theme wall decor\" src=\"https:\/\/m.media-amazon.com\/images\/S\/aplus-media-library-service-media\/511b45a8-b074-4ab3-8c02-3d2640ea7107.__CR0,0,300,400_PT0_SX300_V1___.jpg\">   <\/p>\n<p>                                                      <img decoding=\"async\" alt=\"BVLFOOK for bright vivid and lifelike\" src=\"https:\/\/images-na.ssl-images-amazon.com\/images\/G\/01\/x-locale\/common\/grey-pixel.gif\" class=\"a-spacing-mini a-lazy-loaded\" data-src=\"https:\/\/m.media-amazon.com\/images\/S\/aplus-media-library-service-media\/b7cd2689-b862-43b0-8c7f-a998f2e7a63e.__CR0,0,350,175_PT0_SX350_V1___.jpg\"><img decoding=\"async\" alt=\"BVLFOOK for bright vivid and lifelike\" src=\"https:\/\/m.media-amazon.com\/images\/S\/aplus-media-library-service-media\/b7cd2689-b862-43b0-8c7f-a998f2e7a63e.__CR0,0,350,175_PT0_SX350_V1___.jpg\">                                      [Specification]                               <\/p>\n<p class=\"a-spacing-small a-size-small a-color-secondary\"> When you receive the product, it may be slightly deformed due to transportation, please adjust by hand to the best condition. <\/p>\n<p>                                       Material: metal       Color: blue        0.325 kg (11.4 oz) approximately       Sea turtle wall d\u00e9cor,  9.5 inch*8.5 inch       Crab  wall d\u00e9cor , 10 inch*8 inch       Seahorse wall d\u00e9cor ,10.5 inch*6 inch       <\/p>\n<h3 class=\"a-spacing-mini\"> BVL-FOOK 3 Pack Ocean Theme Wall Art 3D Sea Turtle Seahorse Crab <\/h3>\n<p>                                   Delicate beach theme d\u00e9cor &amp; high-quality metal wall d\u00e9cor                                   <\/p>\n<p class=\"a-spacing-base\"> unique shaped 3D wall sculpture. <\/p>\n<p class=\"a-spacing-base\"> Excellent workmanship, vivid painting with amazing craquelure. <\/p>\n<p class=\"a-spacing-base\"> Decorating you room and patio, satisfy your family and friends as gifts. <\/p>\n<p>                                                           durable metal ocean d\u00e9cor.        Shiny and glossy, hand \u2013painting and waterproof        anti-rusted and easy to clean      <\/p>\n<p>\n                                                          <img decoding=\"async\" alt=\"sea wall decor\" src=\"https:\/\/images-na.ssl-images-amazon.com\/images\/G\/01\/x-locale\/common\/grey-pixel.gif\" class=\"a-spacing-mini a-lazy-loaded\" data-src=\"https:\/\/m.media-amazon.com\/images\/S\/aplus-media-library-service-media\/eba7619a-9103-4947-af9c-d4ce32a5a3d9.__CR0,0,300,300_PT0_SX300_V1___.jpg\"><\/p>\n<p><img decoding=\"async\" alt=\"sea wall decor\" src=\"https:\/\/m.media-amazon.com\/images\/S\/aplus-media-library-service-media\/eba7619a-9103-4947-af9c-d4ce32a5a3d9.__CR0,0,300,300_PT0_SX300_V1___.jpg\">   <\/p>\n<p>\n                                                          <img decoding=\"async\" alt=\"sea wall decor\" src=\"https:\/\/images-na.ssl-images-amazon.com\/images\/G\/01\/x-locale\/common\/grey-pixel.gif\" class=\"a-spacing-mini a-lazy-loaded\" data-src=\"https:\/\/m.media-amazon.com\/images\/S\/aplus-media-library-service-media\/2e29967c-94fb-4b24-b5b4-5e261aeee676.__CR0,0,300,300_PT0_SX300_V1___.jpg\"><\/p>\n<p><img decoding=\"async\" alt=\"sea wall decor\" src=\"https:\/\/m.media-amazon.com\/images\/S\/aplus-media-library-service-media\/2e29967c-94fb-4b24-b5b4-5e261aeee676.__CR0,0,300,300_PT0_SX300_V1___.jpg\">   <\/p>\n<p>\n                                                          <img decoding=\"async\" alt=\"sea wall decor\" src=\"https:\/\/images-na.ssl-images-amazon.com\/images\/G\/01\/x-locale\/common\/grey-pixel.gif\" class=\"a-spacing-mini a-lazy-loaded\" data-src=\"https:\/\/m.media-amazon.com\/images\/S\/aplus-media-library-service-media\/520af6a1-56de-4ff1-a38f-b2cefef62cd7.__CR0,0,300,300_PT0_SX300_V1___.jpg\"><\/p>\n<p><img decoding=\"async\" alt=\"sea wall decor\" src=\"https:\/\/m.media-amazon.com\/images\/S\/aplus-media-library-service-media\/520af6a1-56de-4ff1-a38f-b2cefef62cd7.__CR0,0,300,300_PT0_SX300_V1___.jpg\">   <\/p>\n<p>\n                                                          <img decoding=\"async\" alt=\"turtle wall decor\" src=\"https:\/\/images-na.ssl-images-amazon.com\/images\/G\/01\/x-locale\/common\/grey-pixel.gif\" class=\"a-spacing-mini a-lazy-loaded\" data-src=\"https:\/\/m.media-amazon.com\/images\/S\/aplus-media-library-service-media\/ba6e335d-3f10-4d14-84f7-9ee5a4c5c30a.__CR0,0,300,300_PT0_SX300_V1___.jpg\"><\/p>\n<p><img decoding=\"async\" alt=\"turtle wall decor\" src=\"https:\/\/m.media-amazon.com\/images\/S\/aplus-media-library-service-media\/ba6e335d-3f10-4d14-84f7-9ee5a4c5c30a.__CR0,0,300,300_PT0_SX300_V1___.jpg\">   <\/p>\n<p>\n                                                          <img decoding=\"async\" alt=\"crab\" src=\"https:\/\/images-na.ssl-images-amazon.com\/images\/G\/01\/x-locale\/common\/grey-pixel.gif\" class=\"a-spacing-mini a-lazy-loaded\" data-src=\"https:\/\/m.media-amazon.com\/images\/S\/aplus-media-library-service-media\/9abdc64f-9a9f-4be2-8b62-dfd0d9b1bad1.__CR0,0,300,300_PT0_SX300_V1___.jpg\"><\/p>\n<p><img decoding=\"async\" alt=\"crab\" src=\"https:\/\/m.media-amazon.com\/images\/S\/aplus-media-library-service-media\/9abdc64f-9a9f-4be2-8b62-dfd0d9b1bad1.__CR0,0,300,300_PT0_SX300_V1___.jpg\">   <\/p>\n<p>\n                                                          <img decoding=\"async\" alt=\"seahouse\" src=\"https:\/\/images-na.ssl-images-amazon.com\/images\/G\/01\/x-locale\/common\/grey-pixel.gif\" class=\"a-spacing-mini a-lazy-loaded\" data-src=\"https:\/\/m.media-amazon.com\/images\/S\/aplus-media-library-service-media\/5c33e093-8749-4c0c-a348-85fddf63035f.__CR0,0,300,300_PT0_SX300_V1___.jpg\"><\/p>\n<p><img decoding=\"async\" alt=\"seahouse\" src=\"https:\/\/m.media-amazon.com\/images\/S\/aplus-media-library-service-media\/5c33e093-8749-4c0c-a348-85fddf63035f.__CR0,0,300,300_PT0_SX300_V1___.jpg\">   <\/p>\n<p>                 Add to Cart  <\/p>\n<p>                 Add to Cart  <\/p>\n<p>                 Add to Cart  <\/p>\n<p>                 Add to Cart  <\/p>\n<p>                 Add to Cart  <\/p>\n<p>                             Customer Reviews  <\/p>\n<p>                    4.4 out of 5 stars<br \/>\n                166<\/p>\n<p>                    4.7 out of 5 stars<br \/>\n                477<\/p>\n<p>                    4.7 out of 5 stars<br \/>\n                477<\/p>\n<p>                    4.7 out of 5 stars<br \/>\n                381<\/p>\n<p>                    4.4 out of 5 stars<br \/>\n                1,141<\/p>\n<p>                             Price  <\/p>\n<p>                                          $30.99$30.99     <\/p>\n<p>                                          $25.99$25.99     <\/p>\n<p>                                          $29.99$29.99     <\/p>\n<p>                                          $29.99$29.99     <\/p>\n<p>                                          $25.99$25.99     <\/p>\n<p>                             metal  <\/p>\n<p>                                              \u2713<\/p>\n<p>                                              \u2713<\/p>\n<p>                                              \u2713<\/p>\n<p>                                              \u2713<br \/>\n                                                        metal &amp; glass          <\/p>\n<p> Product Dimensions                                    \u200f                                        :                                    \u200e                                 25.4 x 20.32 x 0.1 cm; 325 g <br \/> Date First Available                                    \u200f                                        :                                    \u200e                                 Aug. 25 2021 <br \/> ASIN                                    \u200f                                        :                                    \u200e                                 B099N54T5H <\/p>\n<p>\u3010Turtle decor\u3011: Elevate your d\u00e9cor with our unique 3D wall sculpture inspired by the beach. The excellent workmanship and vivid painting, along with the amazing craquelure effect, make it a stunning addition to any room or patio. And, it&#8217;s a perfect gift for family and friends.<br \/>\u3010High quality craftsmanship\u3011: Our ocean-themed d\u00e9cor is made of durable metal that is shiny, glossy, waterproof, anti-rusted, and easy to clean, ensuring that it lasts a long time.<br \/>\u3010Easy to operate\u3011: The sculpture measures 10 inches by 8 inches, which can easily fit on an A4 paper. It comes with a hook on the back, making it easy to install.<br \/>\u3010Widely used\u3011: This nautical tropical coastal wall d\u00e9cor can be placed anywhere you like, whether it&#8217;s in the bathroom, bedroom, fence, patio, indoor or outdoor. It&#8217;s also a perfect gift for birthdays, Christmas, or any other special occasions.<br \/>\u3010Thoughtful service\u3011: We strive to provide the best customer service, and if for any reason you&#8217;re not 100% satisfied, please let us know, and our customer service team will be happy to assist you with a return or refund.<br \/>\n<br \/><\/p>\n","protected":false},"excerpt":{"rendered":"<p>\n         Product Description                                     <\/p>\n<p>                                                                    <img decoding=\"async\" alt=\"sea wall decor\" src=\"https:\/\/images-na.ssl-images-amazon.com\/images\/G\/01\/x-locale\/common\/grey-pixel.gif\" class=\"a-spacing-base a-lazy-loaded\" data-src=\"https:\/\/m.media-amazon.com\/images\/S\/aplus-media-library-service-media\/55e10c15-3868-444b-b79c-e847bf9e72fb.__CR0,0,970,600_PT0_SX970_V1___.jpg\"><img decoding=\"async\" alt=\"sea wall decor\" src=\"https:\/\/m.media-amazon.com\/images\/S\/aplus-media-library-service-media\/55e10c15-3868-444b-b79c-e847bf9e72fb.__CR0,0,970,600_PT0_SX970_V1___.jpg\">                                                                    <\/p>\n<p>                                              <img decoding=\"async\" alt=\"sea theme wall decor\" src=\"https:\/\/images-na.ssl-images-amazon.com\/images\/G\/01\/x-locale\/common\/grey-pixel.gif\" class=\"a-spacing-mini a-lazy-loaded\" data-src=\"https:\/\/m.media-amazon.com\/images\/S\/aplus-media-library-service-media\/511b45a8-b074-4ab3-8c02-3d2640ea7107.__CR0,0,300,400_PT0_SX300_V1___.jpg\"><img decoding=\"async\" alt=\"sea theme wall decor\" src=\"https:\/\/m.media-amazon.com\/images\/S\/aplus-media-library-service-media\/511b45a8-b074-4ab3-8c02-3d2640ea7107.__CR0,0,300,400_PT0_SX300_V1___.jpg\">   <\/p>\n<p>                                                      <img decoding=\"async\" alt=\"BVLFOOK for bright vivid and lifelike\" src=\"https:\/\/images-na.ssl-images-amazon.com\/images\/G\/01\/x-locale\/common\/grey-pixel.gif\" class=\"a-spacing-mini a-lazy-loaded\" data-src=\"https:\/\/m.media-amazon.com\/images\/S\/aplus-media-library-service-media\/b7cd2689-b862-43b0-8c7f-a998f2e7a63e.__CR0,0,350,175_PT0_SX350_V1___.jpg\"><img decoding=\"async\" alt=\"BVLFOOK for bright vivid and lifelike\" src=\"https:\/\/m.media-amazon.com\/images\/S\/aplus-media-library-service-media\/b7cd2689-b862-43b0-8c7f-a998f2e7a63e.__CR0,0,350,175_PT0_SX350_V1___.jpg\">                                      [Specification]                               <\/p>\n<p class=\"a-spacing-small a-size-small a-color-secondary\"> When you receive the product, it may be slightly deformed due to transportation, please adjust by hand to the best condition. <\/p>\n<p>                                       Material: metal       Color: blue        0.325 kg (11.4 oz) approximately       Sea turtle wall d\u00e9cor,  9.5 inch*8.5 inch       Crab  wall d\u00e9cor , 10 inch*8 inch       Seahorse wall d\u00e9cor ,10.5 inch*6 inch       <\/p>\n<h3 class=\"a-spacing-mini\"> BVL-FOOK 3 Pack Ocean Theme Wall Art 3D Sea Turtle Seahorse Crab <\/h3>\n<p>                                   Delicate beach theme d\u00e9cor &amp; high-quality metal wall d\u00e9cor                                   <\/p>\n<p class=\"a-spacing-base\"> unique shaped 3D wall sculpture. <\/p>\n<p class=\"a-spacing-base\"> Excellent workmanship, vivid painting with amazing craquelure. <\/p>\n<p class=\"a-spacing-base\"> Decorating you room and patio, satisfy your family and friends as gifts. <\/p>\n<p>                                                           durable metal ocean d\u00e9cor.        Shiny and glossy, hand \u2013painting and waterproof        anti-rusted and easy to clean      <\/p>\n<p>\n                                                          <img decoding=\"async\" alt=\"sea wall decor\" src=\"https:\/\/images-na.ssl-images-amazon.com\/images\/G\/01\/x-locale\/common\/grey-pixel.gif\" class=\"a-spacing-mini a-lazy-loaded\" data-src=\"https:\/\/m.media-amazon.com\/images\/S\/aplus-media-library-service-media\/eba7619a-9103-4947-af9c-d4ce32a5a3d9.__CR0,0,300,300_PT0_SX300_V1___.jpg\"><\/p>\n<p><img decoding=\"async\" alt=\"sea wall decor\" src=\"https:\/\/m.media-amazon.com\/images\/S\/aplus-media-library-service-media\/eba7619a-9103-4947-af9c-d4ce32a5a3d9.__CR0,0,300,300_PT0_SX300_V1___.jpg\">   <\/p>\n<p>\n                                                          <img decoding=\"async\" alt=\"sea wall decor\" src=\"https:\/\/images-na.ssl-images-amazon.com\/images\/G\/01\/x-locale\/common\/grey-pixel.gif\" class=\"a-spacing-mini a-lazy-loaded\" data-src=\"https:\/\/m.media-amazon.com\/images\/S\/aplus-media-library-service-media\/2e29967c-94fb-4b24-b5b4-5e261aeee676.__CR0,0,300,300_PT0_SX300_V1___.jpg\"><\/p>\n<p><img decoding=\"async\" alt=\"sea wall decor\" src=\"https:\/\/m.media-amazon.com\/images\/S\/aplus-media-library-service-media\/2e29967c-94fb-4b24-b5b4-5e261aeee676.__CR0,0,300,300_PT0_SX300_V1___.jpg\">   <\/p>\n<p>\n                                                          <img decoding=\"async\" alt=\"sea wall decor\" src=\"https:\/\/images-na.ssl-images-amazon.com\/images\/G\/01\/x-locale\/common\/grey-pixel.gif\" class=\"a-spacing-mini a-lazy-loaded\" data-src=\"https:\/\/m.media-amazon.com\/images\/S\/aplus-media-library-service-media\/520af6a1-56de-4ff1-a38f-b2cefef62cd7.__CR0,0,300,300_PT0_SX300_V1___.jpg\"><\/p>\n<p><img decoding=\"async\" alt=\"sea wall decor\" src=\"https:\/\/m.media-amazon.com\/images\/S\/aplus-media-library-service-media\/520af6a1-56de-4ff1-a38f-b2cefef62cd7.__CR0,0,300,300_PT0_SX300_V1___.jpg\">   <\/p>\n<p>\n                                                          <img decoding=\"async\" alt=\"turtle wall decor\" src=\"https:\/\/images-na.ssl-images-amazon.com\/images\/G\/01\/x-locale\/common\/grey-pixel.gif\" class=\"a-spacing-mini a-lazy-loaded\" data-src=\"https:\/\/m.media-amazon.com\/images\/S\/aplus-media-library-service-media\/ba6e335d-3f10-4d14-84f7-9ee5a4c5c30a.__CR0,0,300,300_PT0_SX300_V1___.jpg\"><\/p>\n<p><img decoding=\"async\" alt=\"turtle wall decor\" src=\"https:\/\/m.media-amazon.com\/images\/S\/aplus-media-library-service-media\/ba6e335d-3f10-4d14-84f7-9ee5a4c5c30a.__CR0,0,300,300_PT0_SX300_V1___.jpg\">   <\/p>\n<p>\n                                                          <img decoding=\"async\" alt=\"crab\" src=\"https:\/\/images-na.ssl-images-amazon.com\/images\/G\/01\/x-locale\/common\/grey-pixel.gif\" class=\"a-spacing-mini a-lazy-loaded\" data-src=\"https:\/\/m.media-amazon.com\/images\/S\/aplus-media-library-service-media\/9abdc64f-9a9f-4be2-8b62-dfd0d9b1bad1.__CR0,0,300,300_PT0_SX300_V1___.jpg\"><\/p>\n<p><img decoding=\"async\" alt=\"crab\" src=\"https:\/\/m.media-amazon.com\/images\/S\/aplus-media-library-service-media\/9abdc64f-9a9f-4be2-8b62-dfd0d9b1bad1.__CR0,0,300,300_PT0_SX300_V1___.jpg\">   <\/p>\n<p>\n                                                          <img decoding=\"async\" alt=\"seahouse\" src=\"https:\/\/images-na.ssl-images-amazon.com\/images\/G\/01\/x-locale\/common\/grey-pixel.gif\" class=\"a-spacing-mini a-lazy-loaded\" data-src=\"https:\/\/m.media-amazon.com\/images\/S\/aplus-media-library-service-media\/5c33e093-8749-4c0c-a348-85fddf63035f.__CR0,0,300,300_PT0_SX300_V1___.jpg\"><\/p>\n<p><img decoding=\"async\" alt=\"seahouse\" src=\"https:\/\/m.media-amazon.com\/images\/S\/aplus-media-library-service-media\/5c33e093-8749-4c0c-a348-85fddf63035f.__CR0,0,300,300_PT0_SX300_V1___.jpg\">   <\/p>\n<p>                 Add to Cart  <\/p>\n<p>                 Add to Cart  <\/p>\n<p>                 Add to Cart  <\/p>\n<p>                 Add to Cart  <\/p>\n<p>                 Add to Cart  <\/p>\n<p>                             Customer Reviews  <\/p>\n<p>                    4.4 out of 5 stars<br \/>\n                166<\/p>\n<p>                    4.7 out of 5 stars<br \/>\n                477<\/p>\n<p>                    4.7 out of 5 stars<br \/>\n                477<\/p>\n<p>                    4.7 out of 5 stars<br \/>\n                381<\/p>\n<p>                    4.4 out of 5 stars<br \/>\n                1,141<\/p>\n<p>                             Price  <\/p>\n<p>                                          $30.99$30.99     <\/p>\n<p>                                          $25.99$25.99     <\/p>\n<p>                                          $29.99$29.99     <\/p>\n<p>                                          $29.99$29.99     <\/p>\n<p>                                          $25.99$25.99     <\/p>\n<p>                             metal  <\/p>\n<p>                                              \u2713<\/p>\n<p>                                              \u2713<\/p>\n<p>                                              \u2713<\/p>\n<p>                                              \u2713<br \/>\n                                                        metal &amp; glass          <\/p>\n<p> Product Dimensions                                    \u200f                                        :                                    \u200e                                 25.4 x 20.32 x 0.1 cm; 325 g <br \/> Date First Available                                    \u200f                                        :                                    \u200e                                 Aug. 25 2021 <br \/> ASIN                                    \u200f                                        :                                    \u200e                                 B099N54T5H <\/p>\n<p>\u3010Turtle decor\u3011: Elevate your d\u00e9cor with our unique 3D wall sculpture inspired by the beach. The excellent workmanship and vivid painting, along with the amazing craquelure effect, make it a stunning addition to any room or patio. And, it&#8217;s a perfect gift for family and friends.<br \/>\u3010High quality craftsmanship\u3011: Our ocean-themed d\u00e9cor is made of durable metal that is shiny, glossy, waterproof, anti-rusted, and easy to clean, ensuring that it lasts a long time.<br \/>\u3010Easy to operate\u3011: The sculpture measures 10 inches by 8 inches, which can easily fit on an A4 paper. It comes with a hook on the back, making it easy to install.<br \/>\u3010Widely used\u3011: This nautical tropical coastal wall d\u00e9cor can be placed anywhere you like, whether it&#8217;s in the bathroom, bedroom, fence, patio, indoor or outdoor. It&#8217;s also a perfect gift for birthdays, Christmas, or any other special occasions.<br \/>\u3010Thoughtful service\u3011: We strive to provide the best customer service, and if for any reason you&#8217;re not 100% satisfied, please let us know, and our customer service team will be happy to assist you with a return or refund.<\/p>\n","protected":false},"featured_media":10478,"comment_status":"open","ping_status":"closed","template":"","meta":{"_gspb_post_css":""},"store":[],"product_cat":[49],"product_tag":[74],"class_list":{"0":"post-10477","1":"product","2":"type-product","3":"status-publish","4":"has-post-thumbnail","6":"product_cat-home-decor","7":"product_tag-home-decor","9":"first","10":"instock","11":"shipping-taxable","12":"product-type-external"},"jetpack_sharing_enabled":true,"_links":{"self":[{"href":"http:\/\/brazucan.com\/index.php\/wp-json\/wp\/v2\/product\/10477","targetHints":{"allow":["GET"]}}],"collection":[{"href":"http:\/\/brazucan.com\/index.php\/wp-json\/wp\/v2\/product"}],"about":[{"href":"http:\/\/brazucan.com\/index.php\/wp-json\/wp\/v2\/types\/product"}],"replies":[{"embeddable":true,"href":"http:\/\/brazucan.com\/index.php\/wp-json\/wp\/v2\/comments?post=10477"}],"wp:featuredmedia":[{"embeddable":true,"href":"http:\/\/brazucan.com\/index.php\/wp-json\/wp\/v2\/media\/10478"}],"wp:attachment":[{"href":"http:\/\/brazucan.com\/index.php\/wp-json\/wp\/v2\/media?parent=10477"}],"wp:term":[{"taxonomy":"store","embeddable":true,"href":"http:\/\/brazucan.com\/index.php\/wp-json\/wp\/v2\/store?post=10477"},{"taxonomy":"product_cat","embeddable":true,"href":"http:\/\/brazucan.com\/index.php\/wp-json\/wp\/v2\/product_cat?post=10477"},{"taxonomy":"product_tag","embeddable":true,"href":"http:\/\/brazucan.com\/index.php\/wp-json\/wp\/v2\/product_tag?post=10477"}],"curies":[{"name":"wp","href":"https:\/\/api.w.org\/{rel}","templated":true}]}}