{"id":5911,"date":"2024-03-15T19:52:29","date_gmt":"2024-03-16T01:52:29","guid":{"rendered":"https:\/\/brazucan.com\/index.php\/product\/tresemme-flawless-curls-bundle-pack-shampoo-conditioner-curl-creme-for-curly-frizzy-hair-2x-828ml-1x-148ml\/"},"modified":"2024-03-15T19:52:29","modified_gmt":"2024-03-16T01:52:29","slug":"tresemme-flawless-curls-bundle-pack-shampoo-conditioner-curl-creme-for-curly-frizzy-hair-2x-828ml-1x-148ml","status":"publish","type":"product","link":"http:\/\/brazucan.com\/index.php\/product\/tresemme-flawless-curls-bundle-pack-shampoo-conditioner-curl-creme-for-curly-frizzy-hair-2x-828ml-1x-148ml\/","title":{"rendered":"TRESemm\u00e9 Flawless Curls Bundle Pack, Shampoo\/Conditioner &#038; Curl Cr\u00e8me for curly, frizzy, hair (2x 828ml, 1x 148ml)"},"content":{"rendered":"<p><br \/>\nPrice: <span style=\"color:#b12704\">$19.99<\/span><br \/><i><small>(as of Mar 16, 2024 01:52:30 UTC &#8211; <span class=\"wp_automatic_amazon_disclaimer\" title=\"Product prices and availability are accurate as of the date\/time indicated and are subject to change. Any price and availability information displayed on [relevant Amazon Site(s), as applicable] at the time of purchase will apply to the purchase of this product.\">Details<\/span>)<\/small><\/i><\/p>\n<p><a href=\"https:\/\/www.amazon.ca\/gp\/aws\/cart\/add.html?AssociateTag=brazucan-20&#038;ASIN.1=B0CVQJTHDT&#038;Quantity.1=1&#038;SubscriptionId=\"><img decoding=\"async\" src=\"https:\/\/valvepress.s3.amazonaws.com\/imgs\/buy_now.png\"><\/a><br \/>\n<br \/>\n <span>Do you know the secret to Insta-chic curls? Here\u2019s a hint: it starts with moisture. TRESemm\u00e9 Flawless Curls Shampoo &#038; Conditioner for curly hair provides our supreme curl hydration that sinks into strands to detangle hair, tame frizz, and take control over your curls. Salon stylists know that great style starts with the right wash &#038; care foundations, this shampoo and conditioner for curly hair, lightly moisturizes and controls frizz without weighing your hair down. Formulated with amino acids &#038; ceramide, this salon-level Pro Style Technology\u2122 makes hair stronger, more manageable and resistant from breakage, when used as a system versus a non-conditioning shampoo. For a finished look, follow up with TRESemm\u00e9 One-Step Curl Cr\u00e8me Gel which provides an all-day style hold without crunchy stiffness. Our unique hair gel formula is designed to condition your curls for healthy-looking tresses. It is great for hair styling thick frizzy hair and is designed to keep your hairstyle on lock without leaving hair looking wet or feeling sticky. How to Use: Prep your hair with the TRESemm\u00e9 Flawless Curls shampoo and conditioner. Start by dispensing a quarter-sized drop of TRESemm\u00e9 One-Step Curl Cr\u00e8me Gel into your hands, and use fingers to evenly coat towel-dried hair. Add more gel as needed. You can air-dry or heat-dry with a diffuser. We&#8217;ve always understood that style is more than a look: it&#8217;s a part of you. With our professional quality care, and our anti frizz hair products, a world of style possibilities is yours to achieve. Every choice we make at TRESemm\u00e9, from the values we promote\u2014such as not testing on animals and being PETA-approved\u2014to the stylists we work with, down to the carefully selected ingredients we use, are made with intention and inspired by the latest trends and style.<\/span>  <br \/> Parcel Dimensions                                    \u200f                                        :                                    \u200e                                 24.5 x 24.3 x 9 cm; 2.06 Kilograms <br \/> Date First Available                                    \u200f                                        :                                    \u200e                                 Jan. 2 2024 <br \/> Manufacturer                                    \u200f                                        :                                    \u200e                                 Unilever <br \/> ASIN                                    \u200f                                        :                                    \u200e                                 B0CVQJTHDT <br \/> Country of origin                                    \u200f                                        :                                    \u200e                                 Canada <\/p>\n<p>FLAWLESS CURLS SYSTEM: TRESemm\u00e9 Flawless Curls bundle is a set of products designed to optimize curl hydration by targeting the driest areas, providing a boost of moisture to soften and hydrate curls or waves.<br \/>COCONUT ESSENCE: The Flawless Curls shampoo &#038; conditioner for wavy and curly hair, with Coconut Essence, locks in moisture for quenched, soft curls that are soft to touch<br \/>PRIME &#038; STYLE IN ONE STEP!: The One Step Curl Cr\u00e8me was developed to both nourish and style by addressing the 5 must-have benefits for a perfectly healthy-looking curly style: definition, hydration, anti-frizz, soft touch &#038; heat protection.<br \/>HAIR CARE TIPS FROM OUR STYLISTS: For dreamy defined curls, start by washing and conditioning with the TRESemm\u00e9 Flawless Curls system before styling with the One Step Curl Cr\u00e8me. Spread the hair gel evenly through curls, working in sections. Air dry or heat dry with a diffuser.<br \/>DO IT WITH YOUR STYLE: With TRESemm\u00e9 professional hair styling products, you can confidently create your personal style to achieve your aspirations<br \/>\n<br \/><\/p>\n","protected":false},"excerpt":{"rendered":"<p> <span>Do you know the secret to Insta-chic curls? Here\u2019s a hint: it starts with moisture. TRESemm\u00e9 Flawless Curls Shampoo &#038; Conditioner for curly hair provides our supreme curl hydration that sinks into strands to detangle hair, tame frizz, and take control over your curls. Salon stylists know that great style starts with the right wash &#038; care foundations, this shampoo and conditioner for curly hair, lightly moisturizes and controls frizz without weighing your hair down. Formulated with amino acids &#038; ceramide, this salon-level Pro Style Technology\u2122 makes hair stronger, more manageable and resistant from breakage, when used as a system versus a non-conditioning shampoo. For a finished look, follow up with TRESemm\u00e9 One-Step Curl Cr\u00e8me Gel which provides an all-day style hold without crunchy stiffness. Our unique hair gel formula is designed to condition your curls for healthy-looking tresses. It is great for hair styling thick frizzy hair and is designed to keep your hairstyle on lock without leaving hair looking wet or feeling sticky. How to Use: Prep your hair with the TRESemm\u00e9 Flawless Curls shampoo and conditioner. Start by dispensing a quarter-sized drop of TRESemm\u00e9 One-Step Curl Cr\u00e8me Gel into your hands, and use fingers to evenly coat towel-dried hair. Add more gel as needed. You can air-dry or heat-dry with a diffuser. We&#8217;ve always understood that style is more than a look: it&#8217;s a part of you. With our professional quality care, and our anti frizz hair products, a world of style possibilities is yours to achieve. Every choice we make at TRESemm\u00e9, from the values we promote\u2014such as not testing on animals and being PETA-approved\u2014to the stylists we work with, down to the carefully selected ingredients we use, are made with intention and inspired by the latest trends and style.<\/span>  <br \/> Parcel Dimensions                                    \u200f                                        :                                    \u200e                                 24.5 x 24.3 x 9 cm; 2.06 Kilograms <br \/> Date First Available                                    \u200f                                        :                                    \u200e                                 Jan. 2 2024 <br \/> Manufacturer                                    \u200f                                        :                                    \u200e                                 Unilever <br \/> ASIN                                    \u200f                                        :                                    \u200e                                 B0CVQJTHDT <br \/> Country of origin                                    \u200f                                        :                                    \u200e                                 Canada <\/p>\n<p>FLAWLESS CURLS SYSTEM: TRESemm\u00e9 Flawless Curls bundle is a set of products designed to optimize curl hydration by targeting the driest areas, providing a boost of moisture to soften and hydrate curls or waves.<br \/>COCONUT ESSENCE: The Flawless Curls shampoo &#038; conditioner for wavy and curly hair, with Coconut Essence, locks in moisture for quenched, soft curls that are soft to touch<br \/>PRIME &#038; STYLE IN ONE STEP!: The One Step Curl Cr\u00e8me was developed to both nourish and style by addressing the 5 must-have benefits for a perfectly healthy-looking curly style: definition, hydration, anti-frizz, soft touch &#038; heat protection.<br \/>HAIR CARE TIPS FROM OUR STYLISTS: For dreamy defined curls, start by washing and conditioning with the TRESemm\u00e9 Flawless Curls system before styling with the One Step Curl Cr\u00e8me. Spread the hair gel evenly through curls, working in sections. Air dry or heat dry with a diffuser.<br \/>DO IT WITH YOUR STYLE: With TRESemm\u00e9 professional hair styling products, you can confidently create your personal style to achieve your aspirations<\/p>\n","protected":false},"featured_media":5912,"comment_status":"open","ping_status":"closed","template":"","meta":{"_gspb_post_css":""},"store":[],"product_cat":[30],"product_tag":[27],"class_list":{"0":"post-5911","1":"product","2":"type-product","3":"status-publish","4":"has-post-thumbnail","6":"product_cat-shampoo-conditioners","7":"product_tag-shampoo-conditioners","9":"first","10":"instock","11":"shipping-taxable","12":"product-type-external"},"jetpack_sharing_enabled":true,"_links":{"self":[{"href":"http:\/\/brazucan.com\/index.php\/wp-json\/wp\/v2\/product\/5911","targetHints":{"allow":["GET"]}}],"collection":[{"href":"http:\/\/brazucan.com\/index.php\/wp-json\/wp\/v2\/product"}],"about":[{"href":"http:\/\/brazucan.com\/index.php\/wp-json\/wp\/v2\/types\/product"}],"replies":[{"embeddable":true,"href":"http:\/\/brazucan.com\/index.php\/wp-json\/wp\/v2\/comments?post=5911"}],"wp:featuredmedia":[{"embeddable":true,"href":"http:\/\/brazucan.com\/index.php\/wp-json\/wp\/v2\/media\/5912"}],"wp:attachment":[{"href":"http:\/\/brazucan.com\/index.php\/wp-json\/wp\/v2\/media?parent=5911"}],"wp:term":[{"taxonomy":"store","embeddable":true,"href":"http:\/\/brazucan.com\/index.php\/wp-json\/wp\/v2\/store?post=5911"},{"taxonomy":"product_cat","embeddable":true,"href":"http:\/\/brazucan.com\/index.php\/wp-json\/wp\/v2\/product_cat?post=5911"},{"taxonomy":"product_tag","embeddable":true,"href":"http:\/\/brazucan.com\/index.php\/wp-json\/wp\/v2\/product_tag?post=5911"}],"curies":[{"name":"wp","href":"https:\/\/api.w.org\/{rel}","templated":true}]}}